{"id":896,"date":"2023-04-26T11:00:47","date_gmt":"2023-04-26T14:00:47","guid":{"rendered":"https:\/\/isfdsanmiguel-crr.infd.edu.ar\/sitio\/?page_id=896"},"modified":"2023-04-26T19:55:12","modified_gmt":"2023-04-26T22:55:12","slug":"profesorado-de-educacion-secundaria-en-matematica-cc","status":"publish","type":"page","link":"https:\/\/isfdsanmiguel-crr.infd.edu.ar\/sitio\/profesorado-de-educacion-secundaria-en-matematica-cc\/","title":{"rendered":"PLAN DE ESTUDIO"},"content":{"rendered":"<table>\n<tbody>\n<tr>\n<td colspan=\"5\" width=\"899\">\n<h4 style=\"text-align: center;\"><strong>PROFESORADO DE EDUCACI\u00d3N SECUNDARIA EN MATEM\u00c1TICA<\/strong><\/h4>\n<\/td>\n<\/tr>\n<tr>\n<td colspan=\"5\" width=\"899\"><strong>Cohorte: 2021\/2022 &#8211; Total de Unidades Curriculares: 33 \u2013 T\u00edtulo que otorga: Profesor de Educaci\u00f3n Secundaria en Matem\u00e1tica<\/strong><\/td>\n<\/tr>\n<tr>\n<td colspan=\"5\" width=\"899\"><strong>1\u00ba A\u00f1o<\/strong><\/td>\n<\/tr>\n<tr>\n<td width=\"68\"><strong>\u00a0<\/strong><\/td>\n<td width=\"443\"><strong>Unidad Curricular\u00a0\u00a0\u00a0\u00a0\u00a0\u00a0\u00a0\u00a0 <\/strong><\/td>\n<td width=\"147\"><strong>R\u00e9gimen<\/strong><\/td>\n<td width=\"116\"><strong>Formato<\/strong><\/td>\n<td width=\"126\"><strong>Horas Did\u00e1cticas<\/strong><\/td>\n<\/tr>\n<tr>\n<td width=\"68\"><strong>1<\/strong><\/td>\n<td width=\"443\">Pedagog\u00eda<\/td>\n<td width=\"147\">Anual<\/td>\n<td width=\"116\">Materia<\/td>\n<td width=\"126\">4 horas<\/td>\n<\/tr>\n<tr>\n<td width=\"68\"><strong>2<\/strong><\/td>\n<td width=\"443\">Psicolog\u00eda Educacional<\/td>\n<td width=\"147\">Cuatrimestral<\/td>\n<td width=\"116\">Materia<\/td>\n<td width=\"126\">4 horas<\/td>\n<\/tr>\n<tr>\n<td width=\"68\"><strong>3<\/strong><\/td>\n<td width=\"443\">Did\u00e1ctica General<\/td>\n<td width=\"147\">Anual<\/td>\n<td width=\"116\">Materia<\/td>\n<td width=\"126\">4 horas<\/td>\n<\/tr>\n<tr>\n<td width=\"68\"><strong>4<\/strong><\/td>\n<td width=\"443\">Lectura y Escritura Acad\u00e9mica<\/td>\n<td width=\"147\">Anual<\/td>\n<td width=\"116\">Taller<\/td>\n<td width=\"126\">3 horas<\/td>\n<\/tr>\n<tr>\n<td width=\"68\"><strong>5<\/strong><\/td>\n<td width=\"443\">Resoluci\u00f3n de Problemas Matem\u00e1ticos<\/td>\n<td width=\"147\">Cuatrimestral<\/td>\n<td width=\"116\">Taller<\/td>\n<td width=\"126\">3 horas<\/td>\n<\/tr>\n<tr>\n<td width=\"68\"><strong>6<\/strong><\/td>\n<td width=\"443\">\u00c1lgebra I<\/td>\n<td width=\"147\">Anual<\/td>\n<td width=\"116\">Materia<\/td>\n<td width=\"126\">6 horas<\/td>\n<\/tr>\n<tr>\n<td width=\"68\"><strong>7<\/strong><\/td>\n<td width=\"443\">Geometr\u00eda I (M\u00e9trica y Trigonometr\u00eda)<\/td>\n<td width=\"147\">Anual<\/td>\n<td width=\"116\">Materia<\/td>\n<td width=\"126\">7 horas<\/td>\n<\/tr>\n<tr>\n<td width=\"68\"><strong>8<\/strong><\/td>\n<td width=\"443\">Tecnolog\u00eda de la Informaci\u00f3n y la Comunicaci\u00f3n<\/td>\n<td width=\"147\">Cuatrimestral<\/td>\n<td width=\"116\">Taller<\/td>\n<td width=\"126\">3 horas<\/td>\n<\/tr>\n<tr>\n<td width=\"68\"><strong>9<\/strong><\/td>\n<td width=\"443\">Pr\u00e1ctica Docente I: M\u00e9todos y T\u00e9cnicas de Recolecci\u00f3n\/ Instituciones Educativas<\/td>\n<td width=\"147\">Anual<\/td>\n<td width=\"116\">Taller<\/td>\n<td width=\"126\">5 horas<\/td>\n<\/tr>\n<tr>\n<td colspan=\"5\" width=\"899\"><strong>2\u00ba A\u00f1o<\/strong><\/td>\n<\/tr>\n<tr>\n<td width=\"68\"><strong>10<\/strong><\/td>\n<td width=\"443\">Historia Argentina y Latinoamericana<\/td>\n<td width=\"147\">Cuatrimestral<\/td>\n<td width=\"116\">Materia<\/td>\n<td width=\"126\">3 horas<\/td>\n<\/tr>\n<tr>\n<td width=\"68\"><strong>11<\/strong><\/td>\n<td width=\"443\">Historia y Pol\u00edtica de la Educaci\u00f3n Argentina<\/td>\n<td width=\"147\">Cuatrimestral<\/td>\n<td width=\"116\">Materia<\/td>\n<td width=\"126\">3 horas<\/td>\n<\/tr>\n<tr>\n<td width=\"68\"><strong>12<\/strong><\/td>\n<td width=\"443\">Sujeto de la Educaci\u00f3n Secundaria<\/td>\n<td width=\"147\">Cuatrimestral<\/td>\n<td width=\"116\">Materia<\/td>\n<td width=\"126\">4 horas<\/td>\n<\/tr>\n<tr>\n<td width=\"68\"><strong>13<\/strong><\/td>\n<td width=\"443\">Resoluci\u00f3n de Problemas geom\u00e9tricos<\/td>\n<td width=\"147\">Cuatrimestral<\/td>\n<td width=\"116\">Taller<\/td>\n<td width=\"126\">3 horas<\/td>\n<\/tr>\n<tr>\n<td width=\"68\"><strong>14<\/strong><\/td>\n<td width=\"443\">\u00c1lgebra II<\/td>\n<td width=\"147\">Anual<\/td>\n<td width=\"116\">Materia<\/td>\n<td width=\"126\">4 horas<\/td>\n<\/tr>\n<tr>\n<td width=\"68\"><strong>15<\/strong><\/td>\n<td width=\"443\">An\u00e1lisis Matem\u00e1tico I<\/td>\n<td width=\"147\">Anual<\/td>\n<td width=\"116\">Materia<\/td>\n<td width=\"126\">6 horas<\/td>\n<\/tr>\n<tr>\n<td width=\"68\"><strong>16<\/strong><\/td>\n<td width=\"443\">Geometr\u00eda II<\/td>\n<td width=\"147\">Anual<\/td>\n<td width=\"116\">Materia<\/td>\n<td width=\"126\">6 horas<\/td>\n<\/tr>\n<tr>\n<td width=\"68\"><strong>17<\/strong><\/td>\n<td width=\"443\">Did\u00e1ctica de la Matem\u00e1tica I<\/td>\n<td width=\"147\">Anual<\/td>\n<td width=\"116\">Materia<\/td>\n<td width=\"126\">6 horas<\/td>\n<\/tr>\n<tr>\n<td width=\"68\"><strong>18<\/strong><\/td>\n<td width=\"443\">Tecnolog\u00edas de la Informaci\u00f3n y la Comunicaci\u00f3n en la Ense\u00f1anza<\/td>\n<td width=\"147\">Cuatrimestral<\/td>\n<td width=\"116\">Taller<\/td>\n<td width=\"126\">3 horas<\/td>\n<\/tr>\n<tr>\n<td width=\"68\"><strong>19<\/strong><\/td>\n<td width=\"443\">Pr\u00e1ctica Docente II: Programaci\u00f3n de la Ense\u00f1anza\/ Curr\u00edculum y Organizaciones Escolares<\/td>\n<td width=\"147\">Anual<\/td>\n<td width=\"116\">Taller<\/td>\n<td width=\"126\">7 horas<\/td>\n<\/tr>\n<tr>\n<td colspan=\"5\" width=\"899\"><strong>3\u00ba A\u00f1o<\/strong><\/td>\n<\/tr>\n<tr>\n<td width=\"68\"><strong>20<\/strong><\/td>\n<td width=\"443\">Sociolog\u00eda de la Educaci\u00f3n<\/td>\n<td width=\"147\">Cuatrimestral<\/td>\n<td width=\"116\">Materia<\/td>\n<td width=\"126\">3 horas<\/td>\n<\/tr>\n<tr>\n<td width=\"68\"><strong>21<\/strong><\/td>\n<td width=\"443\">An\u00e1lisis Matem\u00e1tico II<\/td>\n<td width=\"147\">Anual<\/td>\n<td width=\"116\">Materia<\/td>\n<td width=\"126\">6 horas<\/td>\n<\/tr>\n<tr>\n<td width=\"68\"><strong>22<\/strong><\/td>\n<td width=\"443\">\u00c1lgebra III<\/td>\n<td width=\"147\">Anual<\/td>\n<td width=\"116\">Materia<\/td>\n<td width=\"126\">4 horas<\/td>\n<\/tr>\n<tr>\n<td width=\"68\"><strong>23<\/strong><\/td>\n<td width=\"443\">Did\u00e1ctica de la Matem\u00e1tica II<\/td>\n<td width=\"147\">Anual<\/td>\n<td width=\"116\">Materia<\/td>\n<td width=\"126\">6 horas<\/td>\n<\/tr>\n<tr>\n<td width=\"68\"><strong>24<\/strong><\/td>\n<td width=\"443\">Estad\u00edstica y Probabilidad<\/td>\n<td width=\"147\">Anual<\/td>\n<td width=\"116\">Materia<\/td>\n<td width=\"126\">6 horas<\/td>\n<\/tr>\n<tr>\n<td width=\"68\"><strong>25<\/strong><\/td>\n<td width=\"443\">C\u00e1lculo Num\u00e9rico<\/td>\n<td width=\"147\">Anual<\/td>\n<td width=\"116\">Materia<\/td>\n<td width=\"126\">3 horas<\/td>\n<\/tr>\n<tr>\n<td width=\"68\"><strong>26<\/strong><\/td>\n<td width=\"443\">Historia y Epistemolog\u00eda de la Matem\u00e1tica<\/td>\n<td width=\"147\">Anual<\/td>\n<td width=\"116\">Materia<\/td>\n<td width=\"126\">5 horas<\/td>\n<\/tr>\n<tr>\n<td width=\"68\"><strong>27<\/strong><\/td>\n<td width=\"443\">Pr\u00e1ctica Docente III: Coordinaci\u00f3n de grupos de aprendizaje\/ Evaluaci\u00f3n de los aprendizajes<\/td>\n<td width=\"147\">Anual<\/td>\n<td width=\"116\">Taller<\/td>\n<td width=\"126\">7 horas<\/td>\n<\/tr>\n<tr>\n<td colspan=\"5\" width=\"899\"><strong>4\u00ba A\u00f1o<\/strong><\/td>\n<\/tr>\n<tr>\n<td width=\"68\"><strong>28<\/strong><\/td>\n<td width=\"443\">\u00c9tica y Ciudadan\u00eda<\/td>\n<td width=\"147\">Cuatrimestral<\/td>\n<td width=\"116\">Materia<\/td>\n<td width=\"126\">3 horas<\/td>\n<\/tr>\n<tr>\n<td width=\"68\"><strong>29<\/strong><\/td>\n<td width=\"443\">Educaci\u00f3n Sexual Integral<\/td>\n<td width=\"147\">Cuatrimestral<\/td>\n<td width=\"116\">Seminario<\/td>\n<td width=\"126\">3 horas<\/td>\n<\/tr>\n<tr>\n<td width=\"68\"><strong>30<\/strong><\/td>\n<td width=\"443\">Filosof\u00eda<\/td>\n<td width=\"147\">Cuatrimestral<\/td>\n<td width=\"116\">Materia<\/td>\n<td width=\"126\">3 horas<\/td>\n<\/tr>\n<tr>\n<td width=\"68\"><strong>31<\/strong><\/td>\n<td width=\"443\">Matem\u00e1tica Aplicada (Econom\u00eda, F\u00edsica, Biolog\u00eda)<\/td>\n<td width=\"147\">Cuatrimestral<\/td>\n<td width=\"116\">Materia<\/td>\n<td width=\"126\">6 horas<\/td>\n<\/tr>\n<tr>\n<td width=\"68\"><strong>32<\/strong><\/td>\n<td width=\"443\">Metodolog\u00eda de la Investigaci\u00f3n Educativa en Matem\u00e1tica<\/td>\n<td width=\"147\">Anual<\/td>\n<td width=\"116\">Taller<\/td>\n<td width=\"126\">4 horas<\/td>\n<\/tr>\n<tr>\n<td width=\"68\"><strong>33<\/strong><\/td>\n<td width=\"443\">Residencia Pedag\u00f3gica: Sistematizaci\u00f3n de experiencias<\/td>\n<td width=\"147\">Anual<\/td>\n<td width=\"116\">Taller<\/td>\n<td width=\"126\">12 horas<\/td>\n<\/tr>\n<\/tbody>\n<\/table>\n","protected":false},"excerpt":{"rendered":"<p>PROFESORADO DE EDUCACI\u00d3N SECUNDARIA EN MATEM\u00c1TICA Cohorte: 2021\/2022 &#8211; Total de Unidades Curriculares: 33 \u2013 T\u00edtulo que otorga: Profesor de Educaci\u00f3n Secundaria en Matem\u00e1tica 1\u00ba A\u00f1o \u00a0 Unidad Curricular\u00a0\u00a0\u00a0\u00a0\u00a0\u00a0\u00a0\u00a0 R\u00e9gimen Formato Horas Did\u00e1cticas 1 Pedagog\u00eda Anual Materia 4 horas 2 Psicolog\u00eda Educacional Cuatrimestral Materia 4 horas 3 Did\u00e1ctica General Anual Materia 4 horas 4 Lectura &#8230; <a title=\"PLAN DE ESTUDIO\" class=\"read-more\" href=\"https:\/\/isfdsanmiguel-crr.infd.edu.ar\/sitio\/profesorado-de-educacion-secundaria-en-matematica-cc\/\" aria-label=\"More on PLAN DE ESTUDIO\">[+]<\/a><\/p>\n","protected":false},"author":151,"featured_media":0,"parent":0,"menu_order":0,"comment_status":"closed","ping_status":"closed","template":"","meta":[],"acf":[],"_links":{"self":[{"href":"https:\/\/isfdsanmiguel-crr.infd.edu.ar\/sitio\/wp-json\/wp\/v2\/pages\/896"}],"collection":[{"href":"https:\/\/isfdsanmiguel-crr.infd.edu.ar\/sitio\/wp-json\/wp\/v2\/pages"}],"about":[{"href":"https:\/\/isfdsanmiguel-crr.infd.edu.ar\/sitio\/wp-json\/wp\/v2\/types\/page"}],"author":[{"embeddable":true,"href":"https:\/\/isfdsanmiguel-crr.infd.edu.ar\/sitio\/wp-json\/wp\/v2\/users\/151"}],"replies":[{"embeddable":true,"href":"https:\/\/isfdsanmiguel-crr.infd.edu.ar\/sitio\/wp-json\/wp\/v2\/comments?post=896"}],"version-history":[{"count":4,"href":"https:\/\/isfdsanmiguel-crr.infd.edu.ar\/sitio\/wp-json\/wp\/v2\/pages\/896\/revisions"}],"predecessor-version":[{"id":942,"href":"https:\/\/isfdsanmiguel-crr.infd.edu.ar\/sitio\/wp-json\/wp\/v2\/pages\/896\/revisions\/942"}],"wp:attachment":[{"href":"https:\/\/isfdsanmiguel-crr.infd.edu.ar\/sitio\/wp-json\/wp\/v2\/media?parent=896"}],"curies":[{"name":"wp","href":"https:\/\/api.w.org\/{rel}","templated":true}]}}